factor of 686 and 56.
14
What is the highest common factor of 272 and 17?
17
Calculate the greatest common divisor of 198 and 154.
22
What is the greatest common divisor of 992 and 558?
62
What is the greatest common divisor of 34 and 13022?
34
Calculate the greatest common divisor of 1254 and 132.
66
What is the highest common divisor of 283 and 29998?
283
Calculate the greatest common factor of 705 and 10.
5
Calculate the highest common divisor of 9270 and 45.
45
What is the greatest common divisor of 204 and 4556?
68
What is the highest common factor of 32 and 76?
4
Calculate the highest common divisor of 555 and 18500.
185
Calculate the highest common divisor of 8 and 2.
2
Calculate the highest common factor of 731 and 43.
43
What is the highest common divisor of 2160 and 80?
80
What is the greatest common divisor of 4 and 500?
4
What is the greatest common factor of 1344 and 21?
21
Calculate the highest common divisor of 4820 and 40.
20
What is the highest common divisor of 203 and 77?
7
Calculate the greatest common factor of 6767 and 67.
67
What is the greatest common factor of 749 and 77?
7
What is the greatest common divisor of 8 and 41?
1
What is the greatest common divisor of 4374 and 324?
162
Calculate the highest common divisor of 333 and 2368.
37
Calculate the highest common factor of 604 and 8.
4
What is the highest common divisor of 875 and 4875?
125
What is the highest common divisor of 660 and 240?
60
What is the highest common divisor of 150 and 90?
30
What is the highest common factor of 309 and 12?
3
Calculate the greatest common divisor of 4665 and 15.
15
Calculate the highest common divisor of 209 and 253.
11
What is the highest common divisor of 117 and 13?
13
Calculate the greatest common divisor of 4199 and 285.
19
What is the greatest common divisor of 4368 and 104?
104
Calculate the greatest common divisor of 111 and 111.
111
Calculate the highest common divisor of 9886 and 2.
2
Calculate the highest common divisor of 1460 and 4.
4
Calculate the greatest common divisor of 22912 and 128.
128
Calculate the highest common divisor of 12 and 23280.
12
What is the highest common factor of 5486 and 234?
26
Calculate the greatest common factor of 1785 and 70.
35
Calculate the greatest common factor of 93 and 159.
3
Calculate the highest common divisor of 72 and 882.
18
What is the highest common divisor of 228 and 6612?
228
What is the greatest common factor of 7116 and 24?
12
What is the highest common factor of 8702 and 38?
38
What is the highest common divisor of 25 and 35?
5
Calculate the greatest common factor of 1640 and 1.
1
What is the greatest common divisor of 18 and 288?
18
Calculate the greatest common divisor of 1323 and 3213.
189
Calculate the highest common divisor of 426 and 24.
6
Calculate the greatest common divisor of 200 and 2225.
25
Calculate the highest common divisor of 1074 and 6.
6
Calculate the greatest common divisor of 1104 and 207.
69
What is the greatest common factor of 60 and 21?
3
Calculate the highest common divisor of 24 and 46.
2
Calculate the greatest common factor of 57 and 133.
19
What is the greatest common divisor of 506 and 242?
22
What is the greatest common factor of 10 and 430?
10
Calculate the highest common divisor of 78 and 7670.
26
What is the highest common factor of 140 and 90?
10
Calculate the greatest common factor of 49 and 21.
7
What is the highest common factor of 51 and 3?
3
Calculate the highest common factor of 36 and 117.
9
What is the highest common divisor of 4190 and 10?
10
Calculate the highest common factor of 21 and 15750.
21
Calculate the highest common divisor of 44 and 1001.
11
What is the highest common factor of 328 and 8?
8
What is the greatest common factor of 3 and 81?
3
Calculate the greatest common divisor of 48 and 66.
6
What is the greatest common factor of 68 and 12325?
17
What is the highest common divisor of 378 and 42?
42
What is the highest common factor of 4 and 148?
4
Calculate the highest common divisor of 1245 and 60.
15
Calculate the greatest common factor of 92 and 92.
92
What is the greatest common factor of 4 and 2912?
4
Calculate the greatest common factor of 209 and 88.
11
What is the greatest common factor of 105940 and 20?
20
What is the greatest common factor of 39 and 533?
13
Calculate the highest common divisor of 878 and 2.
2
Calculate the greatest common factor of 205 and 23370.
205
What is the highest common factor of 24 and 11988?
12
What is the greatest common factor of 7812 and 189?
63
What is the greatest common divisor of 15 and 18345?
15
What is the greatest common divisor of 413 and 28?
7
What is the greatest common factor of 6 and 74?
2
Calculate the greatest common divisor of 282 and 752.
94
What is the highest common divisor of 64 and 25664?
64
Calculate the greatest common divisor of 592 and 333.
37
Calculate the highest common factor of 24 and 19128.
24
Calculate the greatest common factor of 104 and 78.
26
What is the greatest common factor of 155 and 93?
31
Calculate the highest common factor of 3107 and 52.
13
What is the highest common factor of 578 and 34?
34
What is the greatest common divisor of 972 and 1377?
81
Calculate the greatest common factor of 167 and 1.
1
Calculate the greatest common divisor of 18630 and 230.
230
What is the highest common factor of 152 and 40?
8
Calculate the greatest common divisor of 29 and 9.
1
Calculate the greatest common divisor of 6444 and 72.
36
What is the highest common factor of 21 and 10164?
21
Calculate the highest common divisor of 81 and 36.
9
What is the highest common divisor of 344 and 27004?
172
Calculate the greatest common factor of 14878 and 1038.
346
Calculate the greatest common factor of 74 and 74.
74
Calculate the greatest common factor of 264 and 33.
33
What is the greatest common factor of 3440 and 40?
40
What is the greatest common divisor of 1550 and 30?
10
Calculate the highest common factor of 48 and 3072.
48
Calculate the highest common divisor of 1029 and 1764.
147
What is the greatest common factor of 39276 and 72?
36
Calculate the highest common factor of 442 and 493.
17
What is the highest common divisor of 5828 and 372?
124
What is the highest common divisor of 329 and 7?
7
What is the greatest common factor of 9369 and 27?
27
What is the highest common factor of 46 and 2599?
23
Calculate the greatest common factor of 15 and 96.
3
What is the greatest common divisor of 658 and 56?
14
Calculate the greatest common divisor of 6422 and 169.
169
What is the highest common factor of 7 and 91?
7
Calculate the greatest common divisor of 2382 and 12.
6
Calculate the greatest common factor of 2 and 54.
2
What is the highest common divisor of 22 and 30041?
11
What is the highest common divisor of 71638 and 301?
301
Calculate the greatest common factor of 14 and 12.
2
Calculate the greatest common divisor of 30 and 90.
30
Calculate the highest common divisor of 171 and 228.
57
Calculate the highest common factor of 1798 and 58.
58
What is the highest common divisor of 806 and 62?
62
Calculate the highest common divisor of 16 and 5420.
4
Calculate the greatest common divisor of 592 and 64.
16
Calculate the greatest common divisor of 3765 and 15.
15
Calculate the greatest common factor of 32 and 8.
8
Calculate the greatest common factor of 176 and 224.
16
Calculate the greatest common divisor of 88 and 110.
22
Calculate the greatest common factor of 663 and 117.
39
What is the greatest common divisor of 413 and 28?
7
What is the highest common divisor of 11 and 880?
11
What is the greatest common factor of 116 and 44?
4
Calculate the greatest common factor of 12 and 6756.
12
What is the highest common divisor of 2376 and 432?
216
What is the greatest common divisor of 100 and 260?
20
Calculate the greatest common divisor of 5246 and 976.
122
What is the greatest common divisor of 1 and 13?
1
What is the highest common divisor of 819 and 7098?
273
What is the greatest common divisor of 6512 and 32?
16
Calculate the highest common factor of 27 and 837.
27
Calculate the greatest common factor of 3504 and 48.
48
Calculate the greatest common divisor of 2050 and 41.
41
Calculate the greatest common factor of 300 and 12.
12
What is the highest common divi